 what is -1 - 210?
-211
In base 10, what is 15 + -82?
-67
In base 3, what is -201 - 1201?
-2102
In base 4, what is 113 + -13?
100
In base 5, what is 1 + -33?
-32
In base 10, what is 4 + 11?
15
In base 10, what is 18 + -643?
-625
In base 8, what is -53 + -36?
-111
In base 8, what is 157 - -14?
173
In base 5, what is 212010 - 2?
212003
In base 8, what is 6144 - 4?
6140
In base 13, what is 26 + 5?
2b
In base 4, what is -11 - -211?
200
In base 12, what is -1 - -78?
77
In base 2, what is 1010010110110000 - -10?
1010010110110010
In base 13, what is 2 + 1115?
1117
In base 16, what is 249 + f?
258
In base 5, what is 4344 + -30?
4314
In base 3, what is 2 - -221?
1000
In base 12, what is 2 - -193?
195
In base 3, what is -1020122 + 2?
-1020120
In base 9, what is 7 - -762?
770
In base 5, what is -12403 - -4?
-12344
In base 9, what is -17 - -577?
560
In base 15, what is 31 + 13?
44
In base 12, what is 3 + -186?
-183
In base 13, what is 4 - -16b?
172
In base 5, what is 43 + -240?
-142
In base 12, what is 14b - -2?
151
In base 3, what is 2012121 - 0?
2012121
In base 14, what is -3 + 93?
90
In base 4, what is 11 - -1220?
1231
In base 4, what is -20123 - 2?
-20131
In base 4, what is 3 - 303?
-300
In base 9, what is 1 + 18?
20
In base 4, what is 21331 + 2?
21333
In base 3, what is -10 - -10221201?
10221121
In base 14, what is -66 + -2?
-68
In base 9, what is -7 - -423?
415
In base 7, what is 23 - -1230?
1253
In base 12, what is -5 - -436?
431
In base 9, what is -1 + 0?
-1
In base 5, what is -4 + 23401?
23342
In base 2, what is 11001 - -101111?
1001000
In base 8, what is -553 - 4?
-557
In base 7, what is 5 - -46?
54
In base 4, what is -100 - -113?
13
In base 8, what is 1170 + -15?
1153
In base 8, what is -230 + -4?
-234
In base 3, what is -1000 - 10?
-1010
In base 4, what is -2 + -223?
-231
In base 6, what is 321 - -3?
324
In base 16, what is fb4 - 1?
fb3
In base 9, what is -2032 + 0?
-2032
In base 12, what is 0 + 114?
114
In base 4, what is 1 - 322123?
-322122
In base 2, what is 1010011 + 111101?
10010000
In base 2, what is 11000 - 0?
11000
In base 3, what is -2111 + -10201?
-20012
In base 4, what is -10 + -2030?
-2100
In base 2, what is 1001 - 11100000?
-11010111
In base 9, what is 752 + -10?
742
In base 9, what is 16225 - 0?
16225
In base 2, what is -1001 - -1101111001?
1101110000
In base 3, what is -10110 + 11?
-10022
In base 3, what is 10 + -120200?
-120120
In base 16, what is 2 + 95?
97
In base 5, what is 1 - -23?
24
In base 9, what is 44 - 55?
-11
In base 9, what is -6742 - -2?
-6740
In base 3, what is 1 + 221?
222
In base 2, what is -100 - 11111?
-100011
In base 7, what is 10 - 252?
-242
In base 4, what is 111 - 0?
111
In base 16, what is 3 + -1e?
-1b
In base 9, what is -17 - 10?
-27
In base 6, what is 151210 + -2?
151204
In base 12, what is -a + -2?
-10
In base 5, what is 340 + 3?
343
In base 8, what is 6 + 15?
23
In base 2, what is -100 - 1101010010110?
-1101010011010
In base 5, what is -12 + -103?
-120
In base 6, what is 41 - 53?
-12
In base 14, what is -c4 + -1?
-c5
In base 6, what is 1002 - 5?
553
In base 6, what is 3 + 4?
11
In base 4, what is 1 + 20100?
20101
In base 12, what is 4 + 12?
16
In base 8, what is -3 - 120?
-123
In base 10, what is -53 - 2?
-55
In base 3, what is -1 - -110021?
110020
In base 8, what is 2156 + 2?
2160
In base 10, what is -14 - -3?
-11
In base 12, what is -5 - 183?
-188
In base 4, what is 332322 - -1?
332323
In base 15, what is -5 + 4d?
48
In base 8, what is -4203 + -2?
-4205
In base 15, what is 1 + -48?
-47
In base 13, what is -116 + 3?
-113
In base 7, what is -34 + 135?
101
In base 8, what is -177 + 5?
-172
In base 11, what is 1 - 727?
-726
In base 9, what is 5 - -4380?
4385
In base 13, what is -9 + 13?
7
In base 16, what is -8 - df3?
-dfb
In base 4, what is 3123 - -20?
3203
In base 2, what is -111110001 + -10?
-111110011
In base 11, what is 61 + -12?
4a
In base 3, what is -21202 + 2221?
-11211
In base 14, what is -339 + 4?
-335
In base 13, what is -3 + 13b?
138
In base 15, what is -16 + 227?
211
In base 3, what is 20120 + 10?
20200
In base 13, what is -13 + b4?
a1
In base 13, what is 13 - 15?
-2
In base 6, what is 43 + 2?
45
In base 9, what is -14578 + 5?
-14573
In base 5, what is -11 - 141?
-202
In base 15, what is -6eb - 3?
-6ee
In base 14, what is 1 - 22?
-21
In base 13, what is 4 + -36?
-32
In base 4, what is -2 - 11122?
-11130
In base 2, what is -101110 - -101010?
-100
In base 8, what is 3015 - 4?
3011
In base 2, what is 11 - 101001101?
-101001010
In base 5, what is -34411 + 2?
-34404
In base 12, what is 38 + -7?
31
In base 8, what is -31 - 13?
-44
In base 12, what is -17b + 5?
-176
In base 12, what is 74 - 29?
47
In base 15, what is -4 + -43?
-47
In base 9, what is 0 + 42?
42
In base 11, what is 2086 + 3?
2089
In base 10, what is -35 + -5?
-40
In base 9, what is -156 + -4?
-161
In base 14, what is -7 + -5?
-c
In base 5, what is -10 + 1023?
1013
In base 11, what is 8 - -41?
49
In base 16, what is -518 - 7?
-51f
In base 6, what is 10 + 1042?
1052
In base 14, what is a + -1?
9
In base 4, what is -213 + -3?
-222
In base 3, what is 2112121 - -100?
2112221
In base 2, what is -101 - -101101?
101000
In base 5, what is -20 + 23?
3
In base 14, what is 555 + 4?
559
In base 3, what is -2 - 1021111?
-1021120
In base 16, what is 8 + -e?
-6
In base 6, what is 4 - 15352?
-15344
In base 15, what is -3a - 8?
-43
In base 10, what is -1 - 259?
-260
In base 14, what is 2 - 29?
-27
In base 13, what is 6 - -80?
86
In base 4, what is -12 + 13?
1
In base 12, what is 0 + 475?
475
In base 14, what is 3b4 - -1?
3b5
In base 9, what is -5 + -128?
-134
In base 8, what is -100 + 20?
-60
In base 16, what is 5 + 7?
c
In base 3, what is 10020 - 121?
2122
In base 11, what is 5a - -9?
68
In base 14, what is 386 + -1?
385
In base 5, what is -1410 + 13?
-1342
In base 15, what is 54 + -4?
50
In base 9, what is 3 + 34?
37
In base 10, what is 118 - -9?
127
In base 13, what is 3 + -1b?
-18
In base 13, what is 1b0 + -1b?
192
In base 7, what is 3 - -1664?
2000
In base 7, what is -5 + -150?
-155
In base 12, what is 0 + 110?
110
In base 12, what is a - 133?
-125
In base 10, what is -4 - 51?
-55
In base 2, what is 1 + 100000?
100001
In base 10, what is 4 - -1878?
1882
In base 4, what is -2 - 223123?
-223131
In base 15, what is 4295 + 5?
429a
In base 9, what is 11 - -72?
83
In base 2, what is 101 + 1100?
10001
In base 16, what is -3e - 3f?
-7d
In base 9, what is 308 - -1?
310
In base 15, what is -4b - 4?
-50
In base 16, what is 1 - -29?
2a
In base 11, what is -1338 + 2?
-1336
In base 5, what is -32 - -30?
-2
In base 7, what is 1 + 62?
63
In base 8, what is 2 - 15453?
-15451
In base 4, what is -10 - -102321?
102311
In base 6, what is 5 - -1031?
1040
In base 5, what is -4 - 10220?
-10224
In base 15, what is -e + -bb0?
-bbe
In base 10, what is 4 - -606?
610
In base 11, what is -33 - -10?
-23
In base 7, what is 0 + -124?
-124
In base 11, what is -38 - 29a?
-327
In base 7, what is -4452 + -3?
-4455
In base 15, what is -217 + 3?
-214
In base 2, what is 101111 - -101?
110100
In base 2, what is 101111010 - 11?
101110111
In base 11, what is -23a2 + 1?
-23a1
In base 7, what is 140 - 51?
56
In base 16, what is -674 - 5?
-679
In base 8, what is -5 + -301?
-306
In base 3, what is 111 + -2?
102
In base 9, what is -476 - 2?
-478
In base 6, what is -21 - -2?
-15
In base 12, what is 174 + 18?
190
In base 8, what is -5 + -56?
-63
In base 5, what is -12 - 1?
-13
In base 7, what is 6423 + -3?
6420
In base 14, what is 12 - -6?
18
In base 8, what is -2 + 1?
-1
In base 14, what is -3 + -14?
-17
In base 4, what is -11 - 112?
-123
In base 14, what is 2 - -99b?
99d
In base 7, what is 212 + 3?
215
In base 7, what is -654 + 6?
-645
In base 16, what is -6 - 8?
-e
In base 9, what is -277 + -22?
-310
In base 11, what is -18 + -7?
-24
In base 15, what is c5 - -2?
c7
In base 6, what is 12 - 212?
-200
In base 7, what is 644 - -2?
646
In base 15, what is 3 + -333?
-330
In base 7, what is 4 - -542?
546
In base 2, what is -1010100101 + -11?
-1010101000
In base 10, what is -3 + -702?
-705
In base 3, what is -1 - 102?
-110
In base 16, what is -5 + 5f?
5a
In base 8, what is 34 + -5?
27
In base 15, what is 34 + -5?
2e
In base 4, what is -3032 - -10?
-3022
In base 6, what is 120 + 103?
223
In base